What is the highest common divisor of a and 10?
10
Suppose b - 5*b = i - 29, -2*b - 3*i = -7. Let v be b/(-28) - (-32)/14. Suppose v*l = 5*l - 957. Calculate the greatest common factor of 29 and l.
29
Let f(v) = -v. Let h be f(-6). Suppose q = 4*x + 21, -2*x + 26 = 2*q - h*x. Suppose 0 = q*a - 93 - 327. Calculate the highest common factor of 56 and a.
28
Suppose -35*f - 5*f = -5600. Calculate the greatest common divisor of 20 and f.
20
Let s be -5*4/(4 + 0). Let d be -1 - s - (-1 + 1). Suppose 0 = -d*a + 52 - 24. What is the greatest common factor of 7 and a?
7
Let t = 678 - 219. Calculate the greatest common factor of t and 27.
27
Let f = -89 - -230. Suppose 0 = 4*s + 4*w - f - 51, s - 46 = w. Calculate the highest common divisor of s and 470.
47
Let f be 9 + (5 + -1 - -1298). Calculate the greatest common divisor of f and 57.
57
Let p be (-66)/77*(-28)/6. Suppose -p*a - 5*f + 67 = 0, -a - 4*f + 32 = a. What is the highest common divisor of a and 54?
18
Suppose -22*s - 26 = -23*s. Suppose 9 = 5*y - s. Calculate the highest common factor of y and 56.
7
Suppose i - 3*i = 0. Suppose i = -3*t - t. Suppose -h - 2*h + 6 = t. What is the greatest common factor of 4 and h?
2
Suppose -7*b + 3*b = -8. Suppose -4*a = b*f - 466, 0*a + 565 = 5*a - f. Calculate the highest common factor of a and 38.
38
Let n be (-14)/(-154) - 197/(-11). What is the highest common factor of 8 and n?
2
Suppose -2*v + 20*v = 864. What is the greatest common factor of 304 and v?
16
Let o be 400/(-6) + (-6)/(-9). Let q be (-30)/10 + o/(-2). Calculate the greatest common factor of q and 12.
6
Suppose 14*u + 593 = 1853. Calculate the highest common factor of u and 1575.
45
Let o(f) = 8*f - 76. Let x(s) = -3*s + 38. Let i(l) = 2*o(l) + 5*x(l). Let j be i(-14). What is the highest common factor of j and 168?
24
Suppose 227 = 3*y + 5*x, -4*x - 211 = -3*y + 61. Let a be 12/(-16) - (-51)/4. Calculate the highest common factor of y and a.
12
Let c(p) = 6*p**2 - p - 21. Let m be c(-3). Calculate the greatest common divisor of m and 27.
9
Suppose -i - 101 + 2602 = -4*a, -3*i + 3*a = -7494. Calculate the highest common divisor of 11 and i.
11
Suppose -4*g - 2*z + 172 = 0, -2*z - 2 = -4*g + 178. Suppose -449 = 12*h - 497. Calculate the highest common factor of g and h.
4
Let v be 4/6 - (2 - (-440)/12). Let h = v + 59. Calculate the greatest common factor of 7 and h.
7
Suppose -4*v = 4, 3*v + 143 - 35 = g. Calculate the highest common divisor of 42 and g.
21
Suppose 3*n + 15 = 4*n. Let h = n + -11. Suppose 17 + 7 = 6*a. Calculate the greatest common factor of a and h.
4
Suppose -85*w = -1397 - 813. Suppose 7*n = 6*n + 39. Suppose 0*c = -c + n. What is the greatest common divisor of w and c?
13
Let c(w) = w**3 + 8*w - 6*w**2 + 8 - 6*w + 0*w + 0*w. Let p be c(6). What is the highest common divisor of p and 12?
4
Suppose -3*p + 13 = -2. Suppose -p*l - 1353 = -8*l. What is the greatest common divisor of 41 and l?
41
Let l = 55 - 53. Suppose 20 = -l*m + 6*m. What is the greatest common divisor of m and 2?
1
Let b = -5 + 8. Suppose b*v + 2*h - 40 = -0*v, -4*v + 46 = -h. Let m(k) = 124*k + 1500. Let c be m(-12). What is the highest common factor of c and v?
12
Let l be (-18)/(-21)*(-7)/(-2). Let x be l/7 + (-1158)/(-42). Calculate the highest common divisor of 280 and x.
28
Suppose 3*i + 442 = 2*s, 10 + 0 = 5*i. Let z = -793 + 825. Calculate the highest common factor of s and z.
32
Suppose 17*d - 2040 = -0*d. Calculate the highest common factor of 2520 and d.
120
Let g(s) = s**3 + s**2 - 2*s + 2. Let z be g(3). Let n = -4631 + 4711. What is the highest common factor of n and z?
16
Suppose 66*q = 70*q. Suppose 2*x - 8*g - 317 = -9*g, 5*x - g - 803 = q. Calculate the greatest common divisor of x and 16.
16
Let b(q) = q - 7. Let k be b(7). Let p(n) = -n**2 + n. Let i be p(k). Suppose -4*x + i*x + 180 = 0. Calculate the greatest common factor of x and 15.
15
Suppose -3*g = j - 10, -3*j + 2*j - 5*g = 0. Let h be (-1227)/(-7) - (3 - 57/21). Calculate the highest common factor of h and j.
25
Let u = -63 + 91. Let i be (3 + 33/(-12))*(2 + -2). Suppose i = 4*n - 1 - 15. What is the highest common factor of u and n?
4
Let z be (-3)/3 - 4 - (-71 - -6). What is the highest common divisor of 30 and z?
30
Let g(u) = u**3 - 4*u**2 + 2*u - 6. Let k be 6*5/(45/6). Let l be g(k). Suppose y + l*x = 5*x + 18, x = 1. Calculate the highest common divisor of y and 14.
7
Let y(r) = r**2 - 5*r - 7. Let q be y(6). Suppose f + 5*x = -2*f + 28, f = x + 12. Let c be 2 + q + 0 + f. What is the greatest common factor of 24 and c?
12
Let o = -153 + 160. Calculate the greatest common divisor of 847 and o.
7
Suppose -2*l + 2*h + 0 = -4, -4*l - 2*h = -2. Suppose -3 = -k - l. Suppose -k*m = -5*m + 18. What is the highest common divisor of m and 66?
6
Let w = 9 - 29. Let o = 1 - w. Calculate the highest common factor of o and 7.
7
Let r be 5 - (1 + 1)/(-1). Let n(m) = m**2 - 6*m - 7. Let f be n(r). Let t be -2 - f - (-8 - 2). What is the highest common divisor of 56 and t?
8
Let k = -365 + 505. What is the highest common factor of k and 210?
70
Let c = 42 - 38. Suppose -144 = c*n - 13*n. Calculate the greatest common factor of n and 144.
16
Let r = -18 - -1. Let j(g) = g**2 - 3*g + 3. Let a be j(4). Let v be a/(14/(-4)) - r. What is the greatest common divisor of v and 165?
15
Suppose 0 = -4*a - 2 + 10, -5*k + 137 = -4*a. What is the greatest common factor of k and 87?
29
Suppose 0 = o - 0 + 2. Let q be ((-40)/12)/(o/(-9)). Let p be 458/6 - 10/q. Calculate the greatest common factor of p and 11.
11
Suppose -29 - 19 = -4*m + 4*t, 40 = 5*m + 5*t. What is the highest common divisor of 20 and m?
10
Let v be 1/(-2)*0 - -76. Let y = -22 + v. Let m be (y/24)/(1/4). What is the greatest common factor of m and 45?
9
Let r be 150 + (-2 - 3 - 8). What is the highest common divisor of r and 5617?
137
Let s be ((-1 - 12) + 2)/(10/(-180)). Suppose -26 + 114 = 4*h. Calculate the highest common factor of s and h.
22
Let g(r) = 12*r - 48. Let t be g(10). Suppose 28 = -2*x + t. Calculate the greatest common factor of x and 22.
22
Let y be 780/105 - (-4)/7. Suppose -3*s - 3*a - a + 38 = 0, 3*s - y = 2*a. Calculate the greatest common factor of 9 and s.
3
Let q(x) = -x + 24. Let l be q(-6). What is the greatest common factor of l and 40?
10
Suppose -g + 6*b = b - 27, -4*g = -2*b - 54. Suppose 64*l = 30*l + 816. What is the highest common divisor of l and g?
12
Suppose 1221*h - 1218*h - 27 = 0. Let a = 336 + -237. What is the highest common factor of h and a?
9
Suppose -486 = l - 3*l. Let m be (-2)/4*1342/(-11). Suppose 6*u = -3*g + u + m, -u = 4. What is the greatest common factor of l and g?
27
Suppose 0 = 2*d + 27*g - 32*g - 83, 0 = 3*d - 5*g - 117. Calculate the highest common factor of 30 and d.
2
Suppose 13*k - 9*k - 640 = 0. Suppose 0 = -6*g + 2*g + 80. What is the highest common factor of g and k?
20
Suppose 3*d - o - 104 = 136, 96 = d + 5*o. What is the highest common divisor of d and 27?
27
Let i(g) = -19*g - 80. Let l be i(-7). Calculate the highest common divisor of l and 1431.
53
Let a(h) = 59*h**2 - 5*h - 4. Let r be a(-1). Calculate the highest common divisor of r and 192.
12
Let o be ((-4872)/(-464))/((-2)/(0 + -4)). Let t be 7/((-7)/(-6)) + 1. Calculate the greatest common divisor of t and o.
7
Suppose 2*n - o = -2*n + 191, -5*n - 5*o + 220 = 0. Suppose -615 = -7*j + 1688. Calculate the greatest common divisor of j and n.
47
Suppose r - 5*r = -2*i - 934, i + 1160 = 5*r. What is the highest common factor of 21 and r?
21
Let m = 0 - -5. Suppose 9*v = m*v + 12. Suppose -43 + 7 = -v*u. Calculate the highest common factor of 6 and u.
6
Let f(r) = -r**3 + 14*r**2 + 4*r + 37. Let g be f(14). What is the greatest common divisor of g and 31?
31
Let o = 44 - 47. Let q be 25 - o - (0 - -2). Calculate the highest common divisor of 78 and q.
26
Let j = 69 + -68. Calculate the highest common divisor of j and 41.
1
Suppose 10*x = 14*x + 60. Let k = x - -36. Suppose -l = -k - 13. What is the greatest common factor of l and 17?
17
Let q = -2 - 0. Let z be (1/q)/(1/(-40)). Let a be 80/14*245/14. What is the highest common factor of a and z?
20
Let x = 2 + 0. Suppose -19 = 5*d + 21. Let s(o) = -o**3 - 7*o**2 + 9*o + 11. Let h be s(d). What is the grea